10 + -16 - -7 - 15) + 9.
-5
-3 + (4 - (-2 + -7 + 6))
4
What is 13 - (-2 - -7) - (17 + 3)?
-12
(-28 - (-14 + 22 + -30)) + 1 + 1
-4
What is the value of 12 - (2 + -7 + 6) - (1 + 0)?
10
Evaluate -76 + (79 - 5) - (30 + 1).
-33
What is -21 + 15 - (17 + -28)?
5
Evaluate 1 - (7 - 0) - (761 + -761).
-6
Evaluate 311 + -291 - ((2 - (1 + -1)) + -10).
28
What is the value of (-3 - (16 + -25)) + 1 + -5?
2
What is 5 + -1 + -10 + 10 + -6 - -13?
11
What is the value of (28 - 13 - 12) + -1?
2
Calculate -27 + 15 + (0 - -1) - -30.
19
Calculate -11 + (-24 - -4 - -36).
5
Calculate -5 + (10 + -2 - -8) + -9.
2
What is -16 + 1 + 36 + -23 + -10?
-12
Calculate (1 - -8 - (50 + -39)) + -14 + -2.
-18
(-9 - -2 - (8 + 10 - 5)) + 4
-16
Evaluate -11 + 8 + -14 - (-10 + 6 + 7).
-20
Calculate 2 + -7 + (-2 - -1) + 54 + -55.
-7
Calculate 19 + -14 + (5 - -7) + -2.
15
-5 + 18 + (-18 - -4)
-1
Evaluate (2 - 3) + (-1 - -2) + 3 + 4.
7
What is the value of -2 - (-6 + 8 + -4 - -3) - -14?
11
What is the value of (-16 - -1) + 1 - (35 + -43)?
-6
Evaluate 1 + -9 + -23 + 10 + 11 - -5.
-5
What is the value of 1 - (1 + -13 + 7 + 6 + -16)?
16
Calculate (6 + -16 - 5) + (-17 - -35).
3
(1 - 6) + 850 + -846
-1
Evaluate (32 - 12 - 12 - 31) + 9.
-14
(18 - 17) + (37 - 12)
26
Calculate -2 + (-8 - -15) + -5.
0
What is 8 + (11 - (-11 + 44)) + (0 - -3)?
-11
30 + -25 + 13 - 17
1
What is (-466 - -472) + 0 + -6 + 1?
1
Calculate 68 - 81 - (-12 + (1 - 1)).
-1
What is -26 - (-20 - (25 + -13))?
6
(11 - 7) + -8 - 5 - 16
-25
Evaluate (11 + -3 - 11) + -2 - -11.
6
Calculate 8 - 2 - -2 - (-3 - -11).
0
Evaluate -5 + -3 + 26 + -15 + 7 + 7.
17
Calculate -6 + (-25 - -31 - (0 - -1)) + 12.
11
What is the value of 70 + -83 + 0 + 8 + 1?
-4
What is the value of -37 + 11 - (7 + -20)?
-13
-2 + (8 - 7) - (6 - 2) - 2
-7
Calculate (1 - 3) + (-722 - -736).
12
What is -16 + -5 + 17 + 6 - 7?
-5
What is ((4 - 20) + -1 + 0 - -7) + -1?
-11
-19 - -49 - (9 + (0 - (-4 + 5)))
22
110 + -89 - (3 + -1 + (2 - 1))
18
7 - (-80 - -68 - (0 - 2) - 2)
19
What is the value of -9 + 5 + (2 - 5) - (-15 - -15)?
-7
(29 - 32) + -1 + 4
0
Calculate 30 - (-13 + (-5 - -33)).
15
What is the value of -46 + 50 + (1 - -5)?
10
Calculate -4 + (7 - -5 - (5 + -14)).
17
What is (13 - -10 - 21) + 13?
15
What is 1 + -3 + (-2 - (-5 + 2))?
-1
What is the value of (32 - ((5 - 7) + 15 + -5)) + -6?
18
What is 0 - -6 - (27 + -13 + 4)?
-12
0 - -23 - ((32 - 13) + -12)
16
What is -9 - (-4 - (1 + -7 + 1))?
-10
Evaluate 2 + 0 + (5 - 1) + 52 + -57.
1
What is (3 - ((-3 - -12) + (-4 - -20))) + -1?
-23
Calculate -20 + (13 - (10 - 7)).
-10
Calculate -12 - 3 - (-4 + 3 + -2 - -4).
-16
Evaluate 3 + (-19 - -32) - 6.
10
Evaluate (8 - (-12 - -16)) + -3.
1
What is the value of -24 + 10 + 14 + -43 + 18?
-25
What is 9 - (-9 - (-19 - (-1 - 8)))?
8
What is the value of 18 - (23 - 25) - 15?
5
(5 - (0 + -6)) + 6 + (-11 - -8)
14
(-15 - -4) + -1 + 6 + -4
-10
What is -11 - (8 + -10) - (-17 - -6)?
2
Evaluate (-3 + 18 - (-2 - -8)) + 5.
14
What is the value of -8 - (3 + 40 + -35)?
-16
2 - -8 - (7 - -2) - (29 - -5)
-33
Calculate 3 + (18 - (17 + 0)) + -12.
-8
-5 + (2 + 20 - -7)
24
What is the value of (3 - -10 - (-22 + 23)) + 9?
21
(-9 + -1 - (-13 + 9)) + 2
-4
Calculate -1 + -5 + 0 + 3 + -17 + 17.
-3
What is the value of 22 + -43 - -8 - -7?
-6
39 + (-70 - (-20 + -15))
4
21 + (-15 + 13 - 22)
-3
Calculate 9 + -22 - (-3 + 4).
-14
(3 - 9) + 4 + 6 - (4 - 0)
0
What is 2 + (14 - (8 + 4))?
4
What is -574 + 597 + (1 - 15)?
9
Evaluate -1 - (14 - (3 + 7)).
-5
Evaluate (1 - 12) + 5 + 20.
14
Calculate -22 - (47 - (32 - -42)).
5
Calculate -95 - -115 - (-4 - -5).
19
Calculate 7 + (-10 + 17 - 4) - (-1 - 3).
14
What is -13 + 10 - (2 + -1 + 5 - -2)?
-11
What is 1 - (-5 + (-4 - 1) - -6)?
5
What is 6 - (-26 + 9 + 6 - 9)?
26
Evaluate (7 - 32) + (-10 - -39).
4
Calculate 0 - 14 - (39 + -45 + -2).
-6
Evaluate 9 + -2 + 1 + 1 - (47 + -14).
-24
Calculate -15 + (5 - (-14 - (3 + -11))).
-4
-23 + 40 - (17 - 6)
6
What is -19 - (1 + -13 + 14 - 7)?
-14
What is the value of (-16 - -39) + (-14 - -3)?
12
What is -61 + -1 + (-380 - -421)?
-21
Calculate -38 + (30 - 59 - -39).
-28
Evaluate -7 + -8 + 13 - (1 + 5 + -3).
-5
Evaluate -20 + (15 - 8) + 21 + (-15 - 2).
-9
(2 - -1) + 8 + -12
-1
Evaluate (6 - -2 - 5) + (-2 - (-22 + 9)).
14
What is -26 + -10 + 24 - 4?
-16
What is 18 + (7 - 14) + -4 + 3?
10
Evaluate ((1 - 2) + 22 + -29 - -11) + 15.
18
-4 + (-46 - -53 - (-1 - -2)) - -3
5
What is -145 + 181 - (6 + 64)?
-34
What is -6 - (8 + 2 - (-1 + 0))?
-17
What is the value of 8 - ((2 - (5 + -5)) + 7 + -4)?
3
Evaluate -9 + (-15 + 8 - -25).
9
Evaluate -1 - (0 - (9 + -9 + 3)).
2
Calculate (-1 - -1 - -8) + (0 - (-3 + 4)).
7
Calculate -9 + 1 - ((6 - 4) + (-26 - 4)).
20
What is -1 + (13 + 10 + -5 - (-2 + 3))?
16
-93 + 121 + (-6 - 1)
21
-46 + 1 + 4 - (85 - 95)
-31
Calculate 30 + -13 + -13 - 9.
-5
7 - (-7 - (10 + -7 - 14))
3
What is 17 + 26 + -11 + -26?
6
What is the value of -26 + (-20 - (3 - 9))?
-40
Calculate -2 - -6 - (-39 + 53).
-10
What is the value of 37 + -48 + (2 - (3 + 4))?
-16
-13 + 10 + (-4 - -26) - 13
6
(2 - (3 + -10)) + 2
11
20 - (-15 + 20) - -2
17
13 - (6 - 0) - (8 - 1) - 15
-15
Calculate 15 - 0 - (30 - 21).
6
What is the value of (1 - 4) + 18 + 14 + -13?
16
What is the value of -34 + 43 + 1 + -21?
-11
Calculate -9 - (-29 + 29 - (2 + -3)).
-10
What is the value of (0 - -19) + (378 - 395)?
2
Evaluate 11 + (10 - 6) + -5 + 12.
22
Evaluate 4 + 0 + (-18 + 4 - -2).
-8
What is (-5 - (25 + -8)) + 29?
7
24 + (-4 - 29 - -40)
31
Calculate (1 - 16) + 0 + -2 - (-494 - -499).
-22
Evaluate -11 + (-9 - -12) + -7.
-15
What is -7 + (2 - (-38 - -34 - (0 - 6)))?
-7
What is (-3 - (-5 + -6)) + (3 - 15)?
-4
What is the value of (-7 + 14 - (9 - 4) - 5) + -1?
-4
Evaluate -1 - 15 - (51 - (67 - -2)).
2
What is -3 + (29 - (24 - 4))?
6
What is 7 + -2 + -8 + 5 + 7 + -24?
-15
What is 1 - (-3 + 1) - (-85 + 33 + 36)?
19
Evaluate 63 + -17 + -46 - (2 + 1 + -6).
3
What is (-7 - -9 - 2) + -7 + 16 + -2?
7
Calculate (-1 + -3 - 8) + (-23 - -2).
-33
What is the value of 21 - (36 + 15 - 15)?
-15
What is 5 + -2 + 5 - (1 + 4) - 13?
-10
Calculate -13 - (-20 + 11) - (-1 + 1).
-4
What is the value of -3 - (6 + -10 + (-2 - -5)) - -3?
1
Calculate -17 + -10 + 17 + 8.
-2
Calculate (-2 - -1 - -6) + (7 - 14) + 4.
2
What is the value of 39 + (-5 - 0) + -21?
13
Evaluate -46 - -55 - (1 - -4) - 9.
-5
16 + -12 + (-25 - -13)
-8
Calculate -17 + (-26 - -20) + 25.
2
Calculate -11 - ((-5 - -2) + 5 - (-11 + 12)).
-12
Calculate -7 - (-13 + (7 - (-3 + 8) - 7)).
11
Evaluate -13 + -5 + 5 + (-3 + 0 - 0).
-16
What is 1 + -2 + -42 + 39?
-4
Calculate 12 - (5 + 0) - 8 - (14 + -1).
-14
What is the value of -1 + (-40 - (-17 - -5))?
-29
What is (1 - 6 - 0) + (6 + -29 - -25)?
-3
Calculate 11 - (6 + -3) - (-6 - 17 - -32).
-1
Calculate 5 - (-4 - ((4 - 4 - 0) + 1)).
10
Evaluate -9 - ((3 - 0 - 9) + (14 - 13)).
-4
37 + -33 - (2 + 6) - -2
-2
(86 - 102) + 0 + 11
-5
Calculate 5 - 2 - (-1 - -6 - (-1 - -5)).
2
What is -6 + (16 - ((2 - -15) + -9))?
2
(11 - (-17 + 19)) + -11
-2
What is the value of -2 + -5 + -4 + (3 - 6) + 6?
-8
What is the value of -69 + 69 - (-3 - (2 + -24))?
-19
What is -435 + 425 + 24 + 0?
14
1 + 0 + -2 + (4 - 9)
-6
Calculate -12 + -2 + 31 + (30 - 30).
17
What is the value of 419 + -408 - (14 + -2 + 0)?
-1
-9 - 0 - (-8 - (4 + -4))
-1
Evaluate 1 + (-11 - (-32 + (18 - 11))).
15
Evaluate (45 - 72 - 40) + 36.
-31
What is -11 + -2 + 14 + (9 + -3 - 31)?
-24
-17 + (34 - -2 - (24 + -35))
30
-31 + 39 - 0 - (2 - (12 + 0))
18
What is 3 - (0 - -14 - (10 - (23 - 9)))?
-15
Evaluate 2 - (14 + (6 + 7 + -10 - 5)).
-10
What is -4 - (10 - (-1 - 2)) - (-26 + 25)?
-16
Calculate -100 + 91 + (0 - -2) + 6 + 8.
7
(-91 - -94 - (-1 - 4) - 6) + 4
6
Evaluate 1 + -2 + -3 - (6 + -11).
1
Evaluate 5 + (33 - -1) + -9.
30
What is the value of -1188 - -1166 - (-5 + 0)?
-17
(0 - -4) + 113 + -106
11
Calculate (-10 - 5 - -10 - -7) + 12.
14
What is 33 - (-21 + (21 - -64))?
-31
Calculate (-7 - -3 - (-6 + -1)) + -4 + -1.
-2
Calculate (-32 - -46) + 3 + -11.
6
-7 + (-6 - -4) + 11 - (-18 + 4)
16
Evaluate (23 - 25) + (-2 - -2 - -9).
7
Calculate 5 - (-5 - (-12 + (4 - (11 + -1)))).
-8
Calculate 0 + 6 - (-56 - -65).
-3
Evaluate 3 + -1 - (146 + -137) - 5.
-12
Evaluate 0 + 9 + -27 + -8.
-26
-4 + 3 + 9 - 14 - (2 - 3)
-5
What is the value of (-5 - (-16 - -9) - 2) 